{"id":180,"date":"2022-09-28T09:34:39","date_gmt":"2022-09-28T09:34:39","guid":{"rendered":"https:\/\/tienda-maestria.online\/tienda\/?page_id=180"},"modified":"2026-01-21T10:39:57","modified_gmt":"2026-01-21T10:39:57","slug":"cono-magico","status":"publish","type":"page","link":"https:\/\/tienda-maestria.online\/tienda\/cono-magico\/","title":{"rendered":"Cono M\u00e1gico"},"content":{"rendered":"<p>Todos nuestros precios estan en USD.&nbsp; Enviamos a todo el mundo <\/p>\n<h2><a href=\"https:\/\/tienda-maestria.online\/tienda\/tienda\">&lt; Volver a la tienda<\/a><\/h2>\n<p><a aria-label=\"Image Link\" class=\"op3-element__link op3-element-image__link op3-link op3-element__tcp--non-a\" href=\"https:\/\/productosdemaestria.com\/carrito\/\" target=\"_blank\"  data-op-action=\"link\" data-op-select-funnel-step=\"\" data-op3-smooth-scroll=\"0\"><img decoding=\"async\" class=\"op3-element__image op3-element-image__image\" src=\"https:\/\/tienda-maestria.online\/tienda\/wp-content\/uploads\/2022\/10\/Screenshot-2022-10-04-at-16.02.22-300x48.png\" alt=\"\" title=\"Carrito de Compra\" width=\"387.433\" data-op3-attachment-id=\"3570\" \/><\/a><img loading=\"lazy\" decoding=\"async\" class=\"op3-element__image op3-element-image__image\" src=\"http:\/\/tienda-maestria.online\/tienda\/wp-content\/uploads\/2022\/09\/Screenshot-2020-04-05-at-16.55.13-1-1024x343-1-300x100.png\" alt=\"\" title=\"Screenshot-2020-04-05-at-16.55.13-1-1024x343\" width=\"300\" height=\"100\" data-op3-attachment-id=\"11\" \/><\/p>\n<h2>NO M\u00c1S : Extensores de Tortura<\/h2>\n<p><img loading=\"lazy\" decoding=\"async\" class=\"op3-element__image op3-element-image__image\" src=\"http:\/\/tienda-maestria.online\/tienda\/wp-content\/uploads\/2022\/09\/Untitled-521-\u00d7-479-px2-300x276.png\" alt=\"\" title=\"Untitled (521 &times; 479 px)(2)\" width=\"300\" height=\"276\" data-op3-attachment-id=\"147\" \/><\/p>\n<h2>S\u00f3lo Cono M\u00e1gico<\/h2>\n<p>Los extensores para alargar el miembro son aut\u00e9nticos instrumentos de tortura, eso se ha acabado con el Cono M\u00e1gico. Gracias al Cono tu extensor ser convertir\u00e1 en tu mejor amigo.<\/p>\n<p><a aria-label=\"Image Link\" class=\"op3-element__link op3-element-image__link op3-link op3-element__tcp--non-a\" href=\"https:\/\/productosdemaestria.com\/carrito\/?add-to-cart=85\" target=\"_blank\"  data-op-action=\"link\" data-op-select-funnel-step=\"\" data-op3-smooth-scroll=\"0\"><img decoding=\"async\" class=\"op3-element__image op3-element-image__image\" src=\"https:\/\/tienda-maestria.online\/tienda\/wp-content\/uploads\/2022\/11\/screenshot-2022-10-04-at-155944__opdb-op62aaca5380ff13-64725592-1-300x79.png\" alt=\"\" title=\"A&ntilde;adir al Carro\" width=\"532.5\" data-op3-attachment-id=\"4101\" \/><\/a><\/p>\n<h2>S\u00f3lo $237<\/h2>\n<p>Compra s\u00f3lo el Cono M\u00e1gico si ya tienes un extensor compatible con esta herramienta, o bien, s\u00f3lo quieres usar el Cono M\u00e1gico sin extensor. Incluye el cono y la tira.<\/p>\n<p>IMPORTANTE: Tardamos un mes en fabricar el cono con tus medidas espec\u00edficas. Si no estas dipuesto a esperar, porfavor no lo pidas.<\/p>\n<p>MI HISTORIAC\u00d3MO USARLOIMPORTANTEFAQTESTIMONIOS<\/p>\n<h2>MI HISTORIA<\/h2>\n<p>En Abril del 2016 me hice con el&nbsp;Jes Extender<\/p>\n<p>Estaba muy ilusionado,&nbsp;mi limitaci\u00f3n era la t\u00fanica&nbsp;y mi objetivo, ganar grosor<\/p>\n<p>Estaba seguro que al llevar el extensor y trabajar sobre la t\u00fanica, obtendr\u00eda nuevas ganancias en grosor.<\/p>\n<p>Pero mis ilusiones se disiparon r\u00e1pidamente cuando comprob\u00e9 como el extensor que mejor reputaci\u00f3n ten\u00eda en el mercado era un aut\u00e9ntico co\u00f1azo.<\/p>\n<p>Me lo ten\u00eda que quitar cada hora para restaurar la circulaci\u00f3n sanguinea en el glande\u2026<\/p>\n<p>No era discreto, y por lo tanto no podia llevarlo a fuera\u2026<\/p>\n<p>Me estaba estirando much\u00edsimo la piel del&nbsp;prepucio\u2026<\/p>\n<p>Todo esto hacia que fuera&nbsp;imposible llevarlo el tiempo requerido : 6-8 horas al d\u00eda<\/p>\n<p>Llegue a pensar que quiz\u00e1s lo mejor era ir a por el&nbsp;Phallosan, otra herramienta de longitud que recomendaban para hombres con prepucio.<\/p>\n<p>Hasta que descubr\u00ed el&nbsp;Cono M\u00e1gico&nbsp;creado por mi amigo Ron.<\/p>\n<p>El&nbsp;Cono M\u00e1gico&nbsp;es un artilugio que se dise\u00f1a exclusivamente para t\u00ed,&nbsp;con tus medidas espec\u00edficas, y que hace que llevar un&nbsp;extensor sea&nbsp;la experiencia m\u00e1s c\u00f3moda&nbsp;de tu vida<\/p>\n<p>Creeme que no exagero cuando digo:&nbsp;la&nbsp;experiencia m\u00e1s c\u00f3moda,&nbsp;podr\u00e1s comprobarlo muy pronto, con tus propios ojos, cuando&nbsp;veas c\u00f3mo me lo pongo.<\/p>\n<p>Las ventajas&nbsp;adicionales que ofrece este Cono M\u00e1gico es que ya no tienes que tirar la casa por la ventana para hacerte con un extensor (es suficiente con hacerte con uno que sea compatible con el Cono), es m\u00e1s,&nbsp;el Cono te ofrece la posibilidad de emplearlo por s\u00ed solo, como una herramienta para ganar longitud, sin el uso de un extensor.<\/p>\n<p>Por eso estoy muy ilusionado al presentarte este artilugio,&nbsp;realmente estamos revolucionando el faloculturismo y el mercado de los extensores:<\/p>\n<p>Ahora los extensores ser\u00e1n muy c\u00f3modosPodr\u00e1s llevarlo m\u00e1s tiempo = Ganar m\u00e1s cmNo ser\u00e1 obligatorio hacerte con&nbsp;un extensor en particular (SG, JesExtender \u00f3 Phallosan), podr\u00e1s hacerte con uno que sea barato y compatible con el Cono (ya tenemos preparada esa&nbsp;opci\u00f3n para t\u00ed) o bien, podr\u00e1s prescindir de los extensores<\/p>\n<p>Mira el siguiente video para saber m\u00e1s:<\/p>\n<p>Contenido del video (No contiene escenas de desnudez)<\/p>\n<p>Porqu\u00e9 empec\u00e9 a promocionar el&nbsp;JesExtender&nbsp;en lugar del&nbsp;SizeGeneticsPorqu\u00e9 todos los extensores son un aut\u00e9ntico co\u00f1azo:&nbsp;Los 3 ProblemasLos extensores pueden ser super c\u00f3modos con el Cono M\u00e1gicoEl Cono M\u00e1gico: Como llevarlo con\/sin el extensorHombres que pueden llevar el Cono M\u00e1gico<\/p>\n<h2>C\u00d3MO USARLO<\/h2>\n<p>El Cono M\u00e1gico viene incluido con:<\/p>\n<p>Tira para estirar el miembro sin el extensorCono dise\u00f1ado con tus medidas.Gancho para enchufar el Cono a un extensor<\/p>\n<p>Mira el siguiente video para ver c\u00f3mo me lo coloco con la tira y con el extensor Jes Extender.<\/p>\n<p>AVISO : Contiene escenas de desnudez<\/p>\n<h2>IMPORTANTE<\/h2>\n<p>Recomiendo hacerte con un extensor&nbsp;compatible con el Cono, aunque tengas la tira y puedas prescindir de \u00e9l.<\/p>\n<p>Con la tira no sentir\u00e1s un buen estiramiento cuando estes sentado. Es ideal para cuando salgas porque es muy discreto, pero&nbsp;s\u00f3lo sentir\u00e1s&nbsp;la tensi\u00f3n cuando estes caminando o estes de pie.<\/p>\n<p>Al hacerte con un extensor compatible con el Cono, podr\u00e1s llevarlo en casa cuando estes sentado, viendo la televisi\u00f3n o realizando alguna otra actividad<\/p>\n<p>Para comprar el Cono M\u00e1gico (viene incluido con la tira y el gancho para enchufarlo a un extensor) se te pedira las medidas de tu glande en un estado fl\u00e1cido y erecto.<\/p>\n<p>C\u00f3mo obtener las medidas de tu glande<\/p>\n<p>Coloca tu glande en una regla y saca una foto (el ojo enga\u00f1a mucho) despu\u00e9s, observando la foto, toma las medidas en mil\u00edmetros. Har\u00e1s lo mismo a la hora de tomar las medidas de tu glande en un estado erecto<\/p>\n<p>Escenas de desnudo a continuaci\u00f3n<\/p>\n<\/p>\n<\/p>\n<p style=\"text-align: center;\">Ejemplo de c\u00f3mo tomarse las medidas del pene en un estado fl\u00e1cido y en un estado erecto. Las imagenes no son de mi pene.<\/p>\n<p><img loading=\"lazy\" decoding=\"async\" class=\"op3-element__image op3-element-image__image\" src=\"http:\/\/tienda-maestria.online\/tienda\/wp-content\/uploads\/2022\/09\/TLC-Flaccid-Size-Example.jpeg\" alt=\"\" title=\"TLC-Flaccid-Size-Example\" width=\"375\" height=\"500\" data-op3-attachment-id=\"184\" \/><img loading=\"lazy\" decoding=\"async\" class=\"op3-element__image op3-element-image__image\" src=\"http:\/\/tienda-maestria.online\/tienda\/wp-content\/uploads\/2022\/09\/TLC-Erect-Size-Example.jpeg\" alt=\"\" title=\"TLC-Erect-Size-Example\" width=\"375\" height=\"500\" data-op3-attachment-id=\"183\" \/><\/p>\n<h2>EXTENSORES COMPATIBLES<\/h2>\n<p>Los extensores que son compatibles con el Cono son aquellos en donde puedes enchufar el gancho que viene incluido.<\/p>\n<p>Es importante que tengan un agujero en donde entre el gancho como se aprecian en las im\u00e1genes de abajo:<\/p>\n<\/p>\n<p><img loading=\"lazy\" decoding=\"async\" class=\"op3-element__image op3-element-image__image\" src=\"http:\/\/tienda-maestria.online\/tienda\/wp-content\/uploads\/2022\/09\/sizegenetics-vlctugger-2.jpeg\" alt=\"\" title=\"sizegenetics-vlctugger-2\" width=\"397\" height=\"720\" data-op3-attachment-id=\"185\" \/><\/p>\n<p>Si ya tienes un extensor compatible con el cono, puedes adquirir s\u00f3lo el Cono. Si no cuentas con un extensor, puedes adquirir nuestro pack completo que incluye el Cono M\u00e1gico + Pro Extender (un extensor gen\u00e9rico bastante bueno compatible con el Cono).<\/p>\n<p>Para poder seguir con tu compra vas a tener que obligatoriamente proporcionar las medidas en un estado fl\u00e1cido y erecto. Recuerda tomar dichas medidas tal como os hemos mostrado (es muy importante que sigas las instrucciones al pie de la letra, el cono se fabrica con vuestras medidas espec\u00edficas).<\/p>\n<p>El Cono s\u00f3lo te ir\u00e1 bien si tienes prepucio o puedes arrastrar la piel para cubrir el glande, o si no, no te servir\u00e1<\/p>\n<h2>FAQ<\/h2>\n<p>Estas son las preguntas m\u00e1s comunes que recibo acerca del Cono M\u00e1gico:<\/p>\n<p>Estoy empleando el bathmate, en cuanto tiempo me puede variar la<br \/>\nmedida del glande. Me preocupa que al cabo de un tiempo el Cono no se me<br \/>\n quede bien ajustado<\/p>\n<p>El Cono no se crea con las medidas exactas. Actualmente contamos<br \/>\ncon&nbsp;aproximadamente&nbsp;10 tama\u00f1os. Seg\u00fan las medidas que nos envias, se te<br \/>\nenvia&nbsp;un tama\u00f1o u otro.<\/p>\n<p>Miralo como tallas, aunque ganes algunos kilos, tu talla te seguir\u00e1<br \/>\nquedando bien (a no ser que ganes MUCHO, lo que puede ocurrir al cabo de<br \/>\n 1-2 a\u00f1os).<\/p>\n<p>El Cono no se te quedara peque\u00f1o de la noche de la ma\u00f1ana si ganas<br \/>\nalgunos mil\u00edmetros. Esto s\u00f3lamente puede ocurrir al cabo de algunos a\u00f1os<br \/>\n (1-2).<\/p>\n<p>El Pro Extender se me queda peque\u00f1o, \u00bfPuedo comprar m\u00e1s&nbsp;barras?<\/p>\n<p>S\u00ed, lo puedes hacer, <a href=\"https:\/\/tienda-maestria.online\/tienda\/contacto\" target=\"_blank\">escribenos aqu\u00ed para pedir m\u00e1s barras<\/a><\/p>\n<p>No me gustaria que se me estirara el prepucio, tengo entendido de que el Cono puede alargarme el prepucio.<\/p>\n<p>Si tienes prepucio es m\u00e1s probable que se te estire la piel por el<br \/>\nsimple hecho de llevar los extensores de la manera tradicional o incluso<br \/>\n el Phallosan Forte.<\/p>\n<p>El Cono es muy efectivo para el alargamiento porque aisla por completo la piel del pene.<\/p>\n<p>Llevando los extensores de la manera tradicional, obtienes un<br \/>\nestiramiento de un 70-80% de los ligamentos del pene y un 20-30% de la<br \/>\npiel del pene. Estos porcentajes tambi\u00e9n se dan cuando estiras<br \/>\nmanualmente (te habras dado cuenta como se estira tambi\u00e9n&nbsp;la piel del<br \/>\npene durante los estiramientos)<\/p>\n<p>El Cono crea un vaci\u00f3 en el glande fijando de esta manera un<br \/>\nagarre&nbsp;100% aislado. No notar\u00e1s absolutamente ning\u00fan estiramiento de la<br \/>\npiel o prepucio.<\/p>\n<p>\u00bfAfecta la sensibiidad del glande?<\/p>\n<p>Aunque el Cono estira el miembro creando un agarre desde el glande,<br \/>\nen ning\u00fan momento restringe el flujo sangu\u00edneo hacia esta zona como<br \/>\nocurre llevando los extensores de la manera tradicional (la tira por<br \/>\ndebajo del glande)<\/p>\n<p>\u00bfSe puedes usar mientras duermes?<\/p>\n<p>S\u00ed, lo puedes hacer. Para ellos&nbsp;ajustaras la correa en el torso (a<br \/>\ndiferencia de llevarlo en la rodilla como haces durante el d\u00eda)<\/p>\n<\/p>\n<p>En el siguiente video te ense\u00f1amos como realizar este ajuste (contiene escenas de desnudo):<\/p>\n<p>\u00bfCuantas horas m\u00e1ximo al d\u00eda se puede usar?<\/p>\n<p>Todo depende de la tensi\u00f3n que a\u00f1adas, con una tensi\u00f3n leve-moderada puedes llevarlo perfectamente entre 6 a 8 horas.<\/p>\n<p>Otra opci\u00f3n seria llevar en casa el cono enchufado al extensor y<br \/>\na\u00f1adir la m\u00e1xima tensi\u00f3n durante 2 \u00f3 3 horas (actualmente estoy haciendo<br \/>\n esto)<\/p>\n<p>\u00bfC\u00f3mo lo introduzco en mi rutina?<\/p>\n<p>Puedes llevar la tira antes de realizar los ejercicios manuales y<br \/>\ndespu\u00e9s. Pero intenta sobre todo llevarlo despu\u00e9s de tus ejercicios<br \/>\nmanuales para mantener el estado de extensi\u00f3n el mayor tiempo posible<br \/>\n(SRT theory, uno de los principios de \u00e9xito m\u00e1s importantes)<\/p>\n<p>\u00bfPuede el Cono M\u00e1gico curar la curvatura del pene?<\/p>\n<p>Si lo estiras por encima del torso o lo llevas en la rodilla (en el<br \/>\nlado opuesto a tu curvatura) puedes notar una mejor\u00eda, sin embargo si<br \/>\neste es tu objetivo, te ir\u00eda mejor hacerte con un extensor tambi\u00e9n y<br \/>\nconfigurarlo como hemos mostrado <a href=\"http:\/\/maestriasexual.com\/curar-la-curvatura-congenita-la-enfermedad-peyronie-extensor-video\/\" target=\"_blank\" rel=\"noopener\">aqu\u00ed.<\/a><\/p>\n<p>\u00bfPuedo mear con el cono puesto?<\/p>\n<p>Un rotundo NO. Podrias inflamarte la uretra si lo intentas.<\/p>\n<p>\u00bfTienes ganas de mear?<\/p>\n<p>No seas gandul. Quitate el cono. Echa un pis. Y vuelve a ponertelo. S\u00f3lo te tomar\u00e1 un minuto m\u00e1s.<\/p>\n<p>\u00bfNo tengo prepucio, me puede servir el cono?<\/p>\n<p>Desafortunadamente NO. Necesitas tener al menos un poquito de<br \/>\nprepucio (muchos hombre circuncidados pueden lograr que la piel del pene<br \/>\n cubra al menos un poco del glande, si es tu caso, el cono te puede<br \/>\nservir) para cubrir parcialmente el cono (no hace falta cubrirlo por<br \/>\ncompleto)<\/p>\n<p>\u00bfComo llevo la correa ajustada en la rodilla?<\/p>\n<p>Mira el siguiente video para saber c\u00f3mo (contiene escenas de desnudo):<\/p>\n<h2>TESTIMONIOS<\/h2>\n<p><img loading=\"lazy\" decoding=\"async\" class=\"op3-element__image op3-element-image__image\" src=\"http:\/\/tienda-maestria.online\/tienda\/wp-content\/uploads\/2022\/09\/Screenshot-2022-09-20-at-08.09.47.png\" alt=\"\" title=\"Screenshot 2022-09-20 at 08.09.47\" width=\"2812\" height=\"784\" data-op3-attachment-id=\"193\" \/><img loading=\"lazy\" decoding=\"async\" class=\"op3-element__image op3-element-image__image\" src=\"http:\/\/tienda-maestria.online\/tienda\/wp-content\/uploads\/2022\/09\/Screen-Shot-2017-01-16-at-22.11.40-1024x193-1.png\" alt=\"\" title=\"Screen-Shot-2017-01-16-at-22.11.40-1024x193\" width=\"1024\" height=\"193\" data-op3-attachment-id=\"191\" \/><img loading=\"lazy\" decoding=\"async\" class=\"op3-element__image op3-element-image__image\" src=\"http:\/\/tienda-maestria.online\/tienda\/wp-content\/uploads\/2022\/09\/Screen-Shot-2017-01-16-at-22.09.39-1024x366-1.png\" alt=\"\" title=\"Screen-Shot-2017-01-16-at-22.09.39-1024x366\" width=\"1024\" height=\"366\" data-op3-attachment-id=\"190\" \/><img loading=\"lazy\" decoding=\"async\" class=\"op3-element__image op3-element-image__image\" src=\"https:\/\/tienda-maestria.online\/tienda\/wp-content\/uploads\/2022\/09\/Untitled-521-\u00d7-479-px2-300x276.png\" alt=\"\" title=\"Untitled (521 &times; 479 px)(2)\" width=\"300\" height=\"276\" data-op3-attachment-id=\"147\" \/><\/p>\n<h2>S\u00f3lo Cono M\u00e1gico<\/h2>\n<p>Los extensores para alargar el miembro son aut\u00e9nticos instrumentos de tortura, eso se ha acabado con el Cono M\u00e1gico. Gracias al Cono tu extensor ser convertir\u00e1 en tu mejor amigo.<\/p>\n<p><a aria-label=\"Image Link\" class=\"op3-element__link op3-element-image__link op3-link op3-element__tcp--non-a\" href=\"https:\/\/productosdemaestria.com\/carrito\/?add-to-cart=85\" target=\"_blank\"  data-op-action=\"link\" data-op-select-funnel-step=\"\" data-op3-smooth-scroll=\"0\"><img decoding=\"async\" class=\"op3-element__image op3-element-image__image\" src=\"https:\/\/tienda-maestria.online\/tienda\/wp-content\/uploads\/2022\/11\/screenshot-2022-10-04-at-155944__opdb-op62aaca5380ff13-64725592-1-300x79.png\" alt=\"\" title=\"A&ntilde;adir al Carro\" width=\"256.25\" data-op3-attachment-id=\"4101\" \/><\/a><\/p>\n<h2>S\u00f3lo $237<\/h2>\n<p><a aria-label=\"Button link\" href=\"https:\/\/tienda-maestria.online\/tienda\/tienda\/\" class=\"op3-element__tcp--non-a op3-link op3-background-ancestor\" target=\"_self\"  data-op-action=\"link\" data-op-select-funnel-step=\"\" data-op3-smooth-scroll=\"0\" data-op-effect-style=\"\" data-op-effect-style-hover=\"\" data-op-courseaction=\"\">VOLVER A LA TIENDA <\/a><\/p>\n<p>Compra s\u00f3lo el Cono M\u00e1gico si ya tienes un extensor compatible con esta herramienta, o bien, s\u00f3lo quieres usar el Cono M\u00e1gico sin extensor. Incluye el cono y la tira.<\/p>\n<p>maestria sexual<\/p>\n<p>AYUDA<\/p>\n<p><a  href=\"https:\/\/maestriasexual.com\/blog\" class=\"op3-list-menu-link\">BLOG<\/a><a  href=\"https:\/\/tienda-maestria.online\/tienda\/#op3-element-7etnB4Qp\" class=\"op3-list-menu-link\">FAQ<\/a><a  href=\"https:\/\/productosdemaestria.com\/\" class=\"op3-list-menu-link\">ACCEDER A CUENTA<\/a><a  href=\"https:\/\/maestriasexual.es\/tienda\/afiliados\/\" class=\"op3-list-menu-link\">AFILIADOS<\/a><a  href=\"https:\/\/tienda-maestria.online\/tienda\/politica-de-devolucion\/\" class=\"op3-list-menu-link\">POL\u00cdTICA DE REEMBOLSO<\/a><a  href=\"https:\/\/tienda-maestria.online\/tienda\/politica-de-privacidad\/\" class=\"op3-list-menu-link\">POL\u00cdTICA DE PRIVACIDAD<\/a><\/p>\n<p>SUSCR\u00cdBETE PARA ACCEDER A OFERTAS ESPECIALES<\/p>\n<p><a aria-label=\"Button link\" href=\"#\" class=\"op3-element__tcp--non-a op3-link op3-background-ancestor\" target=\"_self\"  data-op-action=\"link\" data-op-select-funnel-step=\"\" data-op3-smooth-scroll=\"\" data-op-effect-style=\"\" data-op-effect-style-hover=\"\" data-op-courseaction=\"\">SUSCR\u00cdBETE<\/a><\/p>\n<p>\u00a9 2014-2026&nbsp; Maestria Sexual. Todos los derechos reservados.<\/p>\n<\/p>\n<p><a aria-label=\"Link\" class=\"op3-element__link op3-element-icon__link op3-element__tcp--non-a op3-link\" href=\"https:\/\/www.facebook.com\/luigidomenico11\/\" target=\"_blank\"  data-op-action=\"\" data-op-select-funnel-step=\"\" data-op3-smooth-scroll=\"\"><\/a><a aria-label=\"Link\" class=\"op3-element__link op3-element-icon__link op3-element__tcp--non-a op3-link\" href=\"https:\/\/www.tiktok.com\/@luigidomenico2\" target=\"_blank\"  data-op-action=\"\" data-op-select-funnel-step=\"\" data-op3-smooth-scroll=\"\"><\/a><a aria-label=\"Link\" class=\"op3-element__link op3-element-icon__link op3-element__tcp--non-a op3-link\" href=\"https:\/\/www.youtube.com\/user\/conquistaraunachica1\" target=\"_blank\"  data-op-action=\"\" data-op-select-funnel-step=\"\" data-op3-smooth-scroll=\"\"><\/a><\/p>\n","protected":false},"excerpt":{"rendered":"<p>Todos nuestros precios estan en USD.&nbsp; Enviamos a todo el mundo &lt; Volver a la tienda NO M\u00c1S : Extensores de Tortura S\u00f3lo Cono M\u00e1gico Los extensores para alargar el miembro son aut\u00e9nticos instrumentos de tortura, eso se ha acabado con el Cono M\u00e1gico. Gracias al Cono tu extensor ser convertir\u00e1 en tu mejor amigo. [&hellip;]<\/p>\n","protected":false},"author":1,"featured_media":0,"parent":0,"menu_order":0,"comment_status":"open","ping_status":"closed","template":"op_builder_blank","meta":{"footnotes":""},"class_list":["post-180","page","type-page","status-publish","hentry"],"_links":{"self":[{"href":"https:\/\/tienda-maestria.online\/tienda\/wp-json\/wp\/v2\/pages\/180","targetHints":{"allow":["GET"]}}],"collection":[{"href":"https:\/\/tienda-maestria.online\/tienda\/wp-json\/wp\/v2\/pages"}],"about":[{"href":"https:\/\/tienda-maestria.online\/tienda\/wp-json\/wp\/v2\/types\/page"}],"author":[{"embeddable":true,"href":"https:\/\/tienda-maestria.online\/tienda\/wp-json\/wp\/v2\/users\/1"}],"replies":[{"embeddable":true,"href":"https:\/\/tienda-maestria.online\/tienda\/wp-json\/wp\/v2\/comments?post=180"}],"version-history":[{"count":77,"href":"https:\/\/tienda-maestria.online\/tienda\/wp-json\/wp\/v2\/pages\/180\/revisions"}],"predecessor-version":[{"id":4754,"href":"https:\/\/tienda-maestria.online\/tienda\/wp-json\/wp\/v2\/pages\/180\/revisions\/4754"}],"wp:attachment":[{"href":"https:\/\/tienda-maestria.online\/tienda\/wp-json\/wp\/v2\/media?parent=180"}],"curies":[{"name":"wp","href":"https:\/\/api.w.org\/{rel}","templated":true}]}}